{"id":29,"date":"2022-01-06T20:30:10","date_gmt":"2022-01-06T22:30:10","guid":{"rendered":"https:\/\/seminarioconcordia.com.br\/site\/?page_id=29"},"modified":"2024-08-22T11:52:14","modified_gmt":"2024-08-22T14:52:14","slug":"pos-graduacao","status":"publish","type":"page","link":"https:\/\/seminarioconcordia.com.br\/site\/pos-graduacao\/","title":{"rendered":"P\u00f3s-Gradua\u00e7\u00e3o"},"content":{"rendered":"<style>\/*! elementor - v3.5.6 - 28-02-2022 *\/\n.elementor-heading-title{padding:0;margin:0;line-height:1}.elementor-widget-heading .elementor-heading-title[class*=elementor-size-]>a{color:inherit;font-size:inherit;line-height:inherit}.elementor-widget-heading .elementor-heading-title.elementor-size-small{font-size:15px}.elementor-widget-heading .elementor-heading-title.elementor-size-medium{font-size:19px}.elementor-widget-heading .elementor-heading-title.elementor-size-large{font-size:29px}.elementor-widget-heading .elementor-heading-title.elementor-size-xl{font-size:39px}.elementor-widget-heading .elementor-heading-title.elementor-size-xxl{font-size:59px}<\/style>\n<h2>P\u00d3S-gradua\u00e7\u00e3o<\/h2>\n<style>\/*! elementor - v3.5.6 - 28-02-2022 *\/\n@media (min-width:768px){.elementor-widget-icon-box.elementor-position-left .elementor-icon-box-wrapper,.elementor-widget-icon-box.elementor-position-right .elementor-icon-box-wrapper{display:-webkit-box;display:-ms-flexbox;display:flex}.elementor-widget-icon-box.elementor-position-left .elementor-icon-box-icon,.elementor-widget-icon-box.elementor-position-right .elementor-icon-box-icon{display:-webkit-inline-box;display:-ms-inline-flexbox;display:inline-flex;-webkit-box-flex:0;-ms-flex:0 0 auto;flex:0 0 auto}.elementor-widget-icon-box.elementor-position-right .elementor-icon-box-wrapper{text-align:right;-webkit-box-orient:horizontal;-webkit-box-direction:reverse;-ms-flex-direction:row-reverse;flex-direction:row-reverse}.elementor-widget-icon-box.elementor-position-left .elementor-icon-box-wrapper{text-align:left;-webkit-box-orient:horizontal;-webkit-box-direction:normal;-ms-flex-direction:row;flex-direction:row}.elementor-widget-icon-box.elementor-position-top .elementor-icon-box-img{margin:auto}.elementor-widget-icon-box.elementor-vertical-align-top .elementor-icon-box-wrapper{-webkit-box-align:start;-ms-flex-align:start;align-items:flex-start}.elementor-widget-icon-box.elementor-vertical-align-middle .elementor-icon-box-wrapper{-webkit-box-align:center;-ms-flex-align:center;align-items:center}.elementor-widget-icon-box.elementor-vertical-align-bottom .elementor-icon-box-wrapper{-webkit-box-align:end;-ms-flex-align:end;align-items:flex-end}}@media (max-width:767px){.elementor-widget-icon-box .elementor-icon-box-icon{margin-left:auto!important;margin-right:auto!important;margin-bottom:15px}}.elementor-widget-icon-box .elementor-icon-box-wrapper{text-align:center}.elementor-widget-icon-box .elementor-icon-box-title a{color:inherit}.elementor-widget-icon-box .elementor-icon-box-content{-webkit-box-flex:1;-ms-flex-positive:1;flex-grow:1}.elementor-widget-icon-box .elementor-icon-box-description{margin:0}<\/style>\n<h3>\n\t\t\t\t\t\tINFORMA\u00c7\u00d5ES<br \/>\n\t\t\t\t<\/h3>\n<p>O curso de mestrado livre da Escola de P\u00f3s-Gradua\u00e7\u00e3o do Semin\u00e1rio Conc\u00f3rdia visa propiciar a bachar\u00e9is e especialistas em teologia o estudo teol\u00f3gico em n\u00edvel de p\u00f3s-gradua\u00e7\u00e3o que permita o dom\u00ednio de uma \u00e1rea da teologia, em termos de m\u00e9todo de trabalho e conte\u00fado, para que o indiv\u00edduo tenha um melhor desempenho na reflex\u00e3o teol\u00f3gica, no minist\u00e9rio pastoral e no exerc\u00edcio de uma atividade docente. Outro objetivo \u00e9 capacitar o futuro mestre a se movimentar com desembara\u00e7o no contexto da pesquisa teol\u00f3gica, sabendo relacionar, avaliar e desfrutar dos resultados dessa pesquisa.<\/p>\n<h3>\n\t\t\t\t\t\tAdmiss\u00e3o<br \/>\n\t\t\t\t<\/h3>\n<p>O curso de mestrado livre se destina a bachar\u00e9is e especialistas em teologia que tenham conclu\u00eddo seu programa com elevado grau de aproveitamento (toma-se como referencial a m\u00e9dia oito (8,0); que dominem suficientemente a l\u00edngua inglesa ou alem\u00e3; que tenham conhecimento de uma l\u00edngua b\u00edblica, hebraico ou grego; que tenham conhecimento de latim em caso de candidatos ao mestrado em Sistem\u00e1tica\/Hist\u00f3ria da Igreja. O candidato ser\u00e1 submetido a um exame escrito na l\u00edngua b\u00edblica e na l\u00edngua inglesa ou alem\u00e3, no qual dever\u00e1 obter a nota m\u00ednima sete (7,0) para a aprova\u00e7\u00e3o. Os exames nas l\u00ednguas dever\u00e3o ser realizados antes que o candidato complete nove cr\u00e9ditos. Na realiza\u00e7\u00e3o destas provas, poder\u00e1 fazer uso de um dicion\u00e1rio. Eventualmente a escola pode oferecer cursos de atualiza\u00e7\u00e3o em l\u00ednguas, sem contar cr\u00e9ditos para o mestrado. Alunos com aprova\u00e7\u00e3o nestes cursos n\u00e3o necessitar\u00e3o realizar o exame na l\u00edngua correspondente.<\/p>\n<h3>\n\t\t\t\t\t\tEstrutura do Curso de Mestrado<br \/>\n\t\t\t\t<\/h3>\n<p>Para obter o grau de Mestre em Teologia (M.S.T.), o candidato precisa somar 36 cr\u00e9ditos. Ser\u00e3o considerados v\u00e1lidos cr\u00e9ditos obtidos num tempo m\u00e1ximo de 10 anos anteriores \u00e0 conclus\u00e3o do programa. Os cr\u00e9ditos s\u00e3o obtidos atrav\u00e9s de 11 disciplinas (33 cr\u00e9ditos) e uma disserta\u00e7\u00e3o (3 cr\u00e9ditos).<\/p>\n<p>Dos 36 cr\u00e9ditos requeridos, um total de seis cr\u00e9ditos poder\u00e1 ser obtido por meio do aproveitamento de disciplinas cursadas em programas de Aperfei\u00e7oamento Pastoral oferecidos pelo Semin\u00e1rio Conc\u00f3rdia ou por transfer\u00eancia de outros programas de p\u00f3s-gradua\u00e7\u00e3o aprovados pela Escola de P\u00f3s-Gradua\u00e7\u00e3o do Semin\u00e1rio Conc\u00f3rdia. Quatro disciplinas cursadas no Programa de Aperfei\u00e7oamento Pastoral do Semin\u00e1rio Conc\u00f3rdia poder\u00e3o ser creditadas como equivalentes a duas disciplinas de mestrado, desde que tenham sido ministrados por professor com titula\u00e7\u00e3o de mestre ou doutor e sejam complementadas com tarefas a serem administradas pela Escola de P\u00f3s-Gradua\u00e7\u00e3o. Al\u00e9m disso, tr\u00eas cr\u00e9ditos adicionais poder\u00e3o ser obtidos por meio de um projeto de pesquisa independente, desde que previamente aprovado pela Escola de P\u00f3s-Gradua\u00e7\u00e3o.<\/p>\n<p>Ser\u00e3o oferecidas tr\u00eas \u00e1reas de concentra\u00e7\u00e3o: (1) Sistem\u00e1tica e Hist\u00f3ria da Igreja; (2) B\u00edblia; (3) Teologia Pr\u00e1tica. O aluno escolher\u00e1 uma destas \u00e1reas e dever\u00e1 completar no m\u00ednimo 18 cr\u00e9ditos em sua \u00e1rea de concentra\u00e7\u00e3o.<\/p>\n<h3>\n\t\t\t\t\t\tExame Final Abrangente<br \/>\n\t\t\t\t<\/h3>\n<p>Durante o programa, em data espec\u00edfica e at\u00e9 cinco semanas antes da cola\u00e7\u00e3o de grau, o mestrando prestar\u00e1 um exame final abrangente por escrito, em sua \u00e1rea de concentra\u00e7\u00e3o. O exame ter\u00e1 a dura\u00e7\u00e3o de tr\u00eas horas. O candidato dever\u00e1 obter a nota m\u00ednima sete (7,0) para a aprova\u00e7\u00e3o no exame. Caso reprovado, o candidato poder\u00e1 repeti-lo uma vez.<\/p>\n<h3>\n\t\t\t\t\t\tFormatura<br \/>\n\t\t\t\t<\/h3>\n<p>O candidato que tiver completado todos os requisitos do Programa de Mestrado Livre da Escola de P\u00f3s-Gradua\u00e7\u00e3o do Semin\u00e1rio Conc\u00f3rdia \u00e9 convidado a participar da cerim\u00f4nia de formatura do Semin\u00e1rio. A inscri\u00e7\u00e3o para este evento dever\u00e1 ser feita na secretaria do Semin\u00e1rio com uma anteced\u00eancia m\u00ednima de duas semanas.<\/p>\n<h3>\n\t\t\t\t\t\tRecursos Humanos<br \/>\n\t\t\t\t<\/h3>\n<p>A Escola de P\u00f3s-Gradua\u00e7\u00e3o do Semin\u00e1rio Conc\u00f3rdia conta com todos os pastores da Igreja Evang\u00e9lica Luterana do Brasil ou igreja irm\u00e3 que tenham grau de Mestre ou Doutor em Teologia. As disciplinas e professores s\u00e3o escolhidos anualmente pelo Conselho Acad\u00eamico.<\/p>\n<h3>\n\t\t\t\t\t\tDisserta\u00e7\u00e3o<br \/>\n\t\t\t\t<\/h3>\n<p>Ap\u00f3s concluir um programa m\u00ednimo de oito disciplinas do curso, o candidato pode iniciar o processo de disserta\u00e7\u00e3o, quando dever\u00e1 protocolar junto \u00e0 secretaria do Semin\u00e1rio seu pedido de inscri\u00e7\u00e3o na disserta\u00e7\u00e3o.<\/p>\n<p>O processo da disserta\u00e7\u00e3o ser\u00e1 desenvolvido em tr\u00eas etapas:\u00a0<\/p>\n<ol>\n<li>Proposta de tema;<\/li>\n<li>Projeto de qualifica\u00e7\u00e3o; <\/li>\n<li>Disserta\u00e7\u00e3o.<\/li>\n<\/ol>\n<style>\/*! elementor - v3.5.6 - 28-02-2022 *\/\n.elementor-accordion{text-align:left}.elementor-accordion .elementor-accordion-item{border:1px solid #d4d4d4}.elementor-accordion .elementor-accordion-item+.elementor-accordion-item{border-top:none}.elementor-accordion .elementor-tab-title{margin:0;padding:15px 20px;font-weight:700;line-height:1;cursor:pointer;outline:none}.elementor-accordion .elementor-tab-title .elementor-accordion-icon{display:inline-block;width:1.5em}.elementor-accordion .elementor-tab-title .elementor-accordion-icon svg{width:1em;height:1em}.elementor-accordion .elementor-tab-title .elementor-accordion-icon.elementor-accordion-icon-right{float:right;text-align:right}.elementor-accordion .elementor-tab-title .elementor-accordion-icon.elementor-accordion-icon-left{float:left;text-align:left}.elementor-accordion .elementor-tab-title .elementor-accordion-icon .elementor-accordion-icon-closed{display:block}.elementor-accordion .elementor-tab-title .elementor-accordion-icon .elementor-accordion-icon-opened,.elementor-accordion .elementor-tab-title.elementor-active .elementor-accordion-icon-closed{display:none}.elementor-accordion .elementor-tab-title.elementor-active .elementor-accordion-icon-opened{display:block}.elementor-accordion .elementor-tab-content{display:none;padding:15px 20px;border-top:1px solid #d4d4d4}@media (max-width:767px){.elementor-accordion .elementor-tab-title{padding:12px 15px}.elementor-accordion .elementor-tab-title .elementor-accordion-icon{width:1.2em}.elementor-accordion .elementor-tab-content{padding:7px 15px}}<\/style>\n<p>\t\t\t\t\t\t\t\t\t\t\t\t<a href=\"\">Proposta do tema<\/a><\/p>\n<p>A proposta do tema dever\u00e1 contemplar os seguintes itens:<\/p>\n<ol>\n<li>\u00c1rea de concentra\u00e7\u00e3o;<\/li>\n<li>Tema geral;<\/li>\n<li>Delimita\u00e7\u00e3o do assunto;<\/li>\n<li>T\u00edtulo provis\u00f3rio da disserta\u00e7\u00e3o;<\/li>\n<li>Problema da pesquisa (pergunta a ser respondida na pesquisa);<\/li>\n<li>Objetivo geral (um) e objetivos espec\u00edficos (tr\u00eas a cinco);<\/li>\n<li>Justificativa (em que o estudo \u00e9 importante: raz\u00f5es de ordem pessoal, teol\u00f3gica e eclesiol\u00f3gica);<\/li>\n<li>Metodologia (descri\u00e7\u00e3o do m\u00e9todo de pesquisa a ser empregado);<\/li>\n<li>Refer\u00eancias bibliogr\u00e1ficas (dez t\u00edtulos, entre livros e artigos);<\/li>\n<li>Cronograma (planejamento de atividades e tempo de dura\u00e7\u00e3o).<\/li>\n<\/ol>\n<p>\t\t\t\t\t\t\t\t\t\t\t\t<a href=\"\">Projeto de qualifica\u00e7\u00e3o<\/a><\/p>\n<p>O projeto de qualifica\u00e7\u00e3o, quando conclu\u00eddo, ser\u00e1 apresentado a uma banca de professores, devendo ter entre 10 e 15 p\u00e1ginas, contendo os seguintes elementos:<\/p>\n<ol>\n<li>T\u00edtulo da disserta\u00e7\u00e3o;<\/li>\n<li>Proposta: um par\u00e1grafo inicial, relatando, de maneira objetiva, o que a disserta\u00e7\u00e3o espera demonstrar, e contendo, de maneira clara, o objetivo geral e os objetivos espec\u00edficos do trabalho;<\/li>\n<li>A situa\u00e7\u00e3o atual na pesquisa teol\u00f3gica: uma revis\u00e3o bibliogr\u00e1fica demonstrando que o candidato domina literatura teol\u00f3gica a respeito do tema que est\u00e1 pesquisando; apontamento de lacunas e fraquezas da abordagem da literatura a respeito do tema; destaque dos pontos fortes da literatura que est\u00e1 sendo empregada na pesquisa, apontando os principais textos que servir\u00e3o de base para o desenvolvimento do trabalho;<\/li>\n<li>A disserta\u00e7\u00e3o no contexto da literatura teol\u00f3gica atual: de que forma a disserta\u00e7\u00e3o aprofundar\u00e1, expandir\u00e1, ou propor\u00e1 alternativas ao tema estudado, considerando a literatura atual; a disserta\u00e7\u00e3o pretende corrigir, aprofundar, suplementar ou suprir uma lacuna no tema pesquisado?<\/li>\n<li>A metodologia empregada: descri\u00e7\u00e3o dos m\u00e9todos de pesquisa e dos recursos que ser\u00e3o utilizados para a elabora\u00e7\u00e3o da disserta\u00e7\u00e3o;<\/li>\n<li>O resultado a que se pretende chegar: descri\u00e7\u00e3o clara da contribui\u00e7\u00e3o que a disserta\u00e7\u00e3o trar\u00e1 para a tem\u00e1tica estudada;<\/li>\n<li>Esbo\u00e7o detalhado, com os t\u00edtulos dos cap\u00edtulos e alguns par\u00e1grafos que demonstrem que o candidato tem, a essa altura, clareza quanto ao conte\u00fado a ser abordado na disserta\u00e7\u00e3o;<\/li>\n<li>Refer\u00eancias bibliogr\u00e1ficas.<\/li>\n<\/ol>\n<p>\t\t\t\t\t\t\t\t\t\t\t\t<a href=\"\">Reda\u00e7\u00e3o da disserta\u00e7\u00e3o<\/a><\/p>\n<p>A disserta\u00e7\u00e3o ser\u00e1 escrita na \u00e1rea de concentra\u00e7\u00e3o escolhida pelo candidato, obedecendo a crit\u00e9rios cient\u00edficos de reda\u00e7\u00e3o e documenta\u00e7\u00e3o, conforme diretrizes da Associa\u00e7\u00e3o Brasileira de Normas T\u00e9cnicas (ABNT). A Escola de P\u00f3s-Gradua\u00e7\u00e3o indica o professor orientador e um professor leitor da disserta\u00e7\u00e3o. Outro professor leitor ser\u00e1 escolhido pelo candidato entre te\u00f3logos da IELB ou de igrejas irm\u00e3s que tenham grau de mestre ou doutor. Para ser aprovada, a disserta\u00e7\u00e3o precisa revelar:<\/p>\n<ul>\n<li>a) pesquisa acad\u00eamica independente;<\/li>\n<li>b) an\u00e1lise profunda da tem\u00e1tica;<\/li>\n<li>c) capacidade cr\u00edtica por parte do mestrando;<\/li>\n<li>d) argumenta\u00e7\u00e3o clara;<\/li>\n<li>e) congru\u00eancia com a s\u00e3 doutrina, conforme as Confiss\u00f5es Luteranas.<\/li>\n<\/ul>\n<p>A disserta\u00e7\u00e3o completa ser\u00e1 entregue em tr\u00eas vias, seis semanas antes da data prevista para a cola\u00e7\u00e3o de grau. At\u00e9 esse prazo, o candidato tamb\u00e9m dever\u00e1 protocolar junto \u00e0 secretaria do Semin\u00e1rio seu pedido de inscri\u00e7\u00e3o para a Banca de Defesa de Disserta\u00e7\u00e3o de Mestrado. O candidato far\u00e1 uma apresenta\u00e7\u00e3o p\u00fablica de sua disserta\u00e7\u00e3o numa data n\u00e3o posterior a duas semanas antes da cola\u00e7\u00e3o de grau. A cola\u00e7\u00e3o de grau dar-se-\u00e1 na solenidade de formatura subsequente ao t\u00e9rmino do programa pelo candidato.<\/p>\n<h3>\n\t\t\t\t\t\tDISCIPLINAS<br \/>\n\t\t\t\t<\/h3>\n<p>Exemplos de disciplinas que poder\u00e3o ser contempladas no Curso de Mestrado:<\/p>\n<ul>\n<li>Metodologia de pesquisa<\/li>\n<li>Exegese B\u00edblica (Antigo Testamento)<\/li>\n<li>Exegese B\u00edblica (Novo Testamento)<\/li>\n<li>Temas da Hist\u00f3ria da Igreja<\/li>\n<li>T\u00f3picos Especiais nas Confiss\u00f5es Luteranas<\/li>\n<li>T\u00f3picos Especiais em Missiologia<\/li>\n<li>Temas em Culto e Prega\u00e7\u00e3o<\/li>\n<li>T\u00f3picos Especiais em Teologia Sistem\u00e1tica<\/li>\n<li>Semin\u00e1rio em Teologia B\u00edblica<\/li>\n<li>Semin\u00e1rio em Teologia Hist\u00f3rica<\/li>\n<li>Semin\u00e1rio em Teologia Sistem\u00e1tica<\/li>\n<li>Semin\u00e1rio em Teologia Pr\u00e1tica<\/li>\n<\/ul>\n<h2>Ficou com alguma d\u00favida? Entre em contato conosco pelo e-mail:<\/h2>\n<p>\t\t\t<a href=\"mailto:%20secretaria@seminarioconcordia.com.br?subject=Semin\u00e1rio%20Conc\u00f3rdia\" target=\"_blank\" role=\"button\" rel=\"noopener\"><br \/>\n\t\t\t\t\t\tCLIQUE AQUI<br \/>\n\t\t\t\t\t<\/a><\/p>\n","protected":false},"excerpt":{"rendered":"<p>P\u00d3S-gradua\u00e7\u00e3o INFORMA\u00c7\u00d5ES O curso de mestrado livre da Escola de P\u00f3s-Gradua\u00e7\u00e3o do Semin\u00e1rio Conc\u00f3rdia visa propiciar a bachar\u00e9is e especialistas em teologia o estudo teol\u00f3gico em n\u00edvel de p\u00f3s-gradua\u00e7\u00e3o que permita o dom\u00ednio de uma \u00e1rea da teologia, em termos de m\u00e9todo de trabalho e conte\u00fado, para que o indiv\u00edduo tenha um melhor desempenho na [&hellip;]<\/p>\n","protected":false},"author":1,"featured_media":0,"parent":0,"menu_order":0,"comment_status":"closed","ping_status":"closed","template":"","meta":{"footnotes":""},"class_list":["post-29","page","type-page","status-publish","hentry"],"_links":{"self":[{"href":"https:\/\/seminarioconcordia.com.br\/site\/wp-json\/wp\/v2\/pages\/29","targetHints":{"allow":["GET"]}}],"collection":[{"href":"https:\/\/seminarioconcordia.com.br\/site\/wp-json\/wp\/v2\/pages"}],"about":[{"href":"https:\/\/seminarioconcordia.com.br\/site\/wp-json\/wp\/v2\/types\/page"}],"author":[{"embeddable":true,"href":"https:\/\/seminarioconcordia.com.br\/site\/wp-json\/wp\/v2\/users\/1"}],"replies":[{"embeddable":true,"href":"https:\/\/seminarioconcordia.com.br\/site\/wp-json\/wp\/v2\/comments?post=29"}],"version-history":[{"count":52,"href":"https:\/\/seminarioconcordia.com.br\/site\/wp-json\/wp\/v2\/pages\/29\/revisions"}],"predecessor-version":[{"id":2433,"href":"https:\/\/seminarioconcordia.com.br\/site\/wp-json\/wp\/v2\/pages\/29\/revisions\/2433"}],"wp:attachment":[{"href":"https:\/\/seminarioconcordia.com.br\/site\/wp-json\/wp\/v2\/media?parent=29"}],"curies":[{"name":"wp","href":"https:\/\/api.w.org\/{rel}","templated":true}]}}